?
-14
Let d(n) = 2*n**2 + 30*n + 109. What is d(-10)?
9
Let l(t) = -2*t**2 - 132*t - 2022. What is l(-42)?
-6
Let b(r) = -5*r**2 + 272*r - 1080. Determine b(50).
20
Let b(w) = 2*w**2 + 220*w - 1346. Give b(6).
46
Let x(m) = -m**3 - 15*m**2 + 130*m + 136. Determine x(-21).
52
Let h(u) = 2*u**3 - 9*u**2 + 2*u + 8. Determine h(3).
-13
Let o(x) = -x**3 - 31*x**2 + 8*x - 33. Calculate o(-31).
-281
Let a(r) = -r**3 + 4*r**2 - 16*r + 21. Give a(5).
-84
Let k(a) = -98*a + 6569. Determine k(67).
3
Let l(m) = 96*m - 1266. Determine l(14).
78
Let o(f) = 104*f - 4. Determine o(0).
-4
Let o(d) = 35*d + 19. Give o(-3).
-86
Let y(x) = 2*x**2 - 20*x - 18. Determine y(11).
4
Let q(z) = -42*z + 1772. Calculate q(55).
-538
Let p(w) = w**3 - w**2 - 231*w + 16. Give p(0).
16
Let j(g) = -g**3 + 152*g**2 - 455*g + 1176. What is j(149)?
-16
Let i(f) = 525*f - 3670. Give i(7).
5
Let o(n) = n**2 + 19*n - 32. Determine o(-22).
34
Let y(s) = s**3 + 7*s**2 - 69*s - 196. Determine y(-3).
47
Let b(v) = v**3 + 26*v**2 - 57*v - 23. Determine b(-28).
5
Let l(x) = -20*x**2 - 3*x + 118. Give l(7).
-883
Let z(i) = -i**3 + 32*i**2 - 133*i - 52. What is z(27)?
2
Let o(p) = -410*p - 3308. What is o(-8)?
-28
Let i(n) = n**3 - 30*n**2 + 186*n + 56. Calculate i(21).
-7
Let u(k) = 5*k**3 - 42*k**2 + 52*k - 29. What is u(7)?
-8
Let o(u) = -u**3 - 195*u - 5. Give o(0).
-5
Let a(b) = 35*b - 85. What is a(1)?
-50
Let j(k) = k**3 + 20*k**2 + 41*k + 108. Give j(-18).
18
Let d(k) = -132*k + 91. Determine d(2).
-173
Let m(y) = -y**2 + 116*y + 76. What is m(117)?
-41
Let s(r) = -2*r**2 + 47*r + 218. Determine s(-4).
-2
Let z(q) = -3*q**2 - 25*q - 25. Determine z(-1).
-3
Let i(n) = 55*n**2 - 122*n + 8. What is i(4)?
400
Let p(d) = d**3 - 15*d**2 - 446*d + 6683. Determine p(15).
-7
Let s(r) = 3*r**2 - 112*r + 909. What is s(12)?
-3
Let o(l) = -4*l**2 - 285*l - 1075. Give o(-4).
1
Let o(r) = -18*r + 749. Give o(45).
-61
Let r(m) = 7*m**2 - 200*m + 116. Calculate r(28).
4
Let u(c) = 2*c**3 - 12*c**2 - 13*c - 8. Determine u(7).
-1
Let b(a) = -45*a - 132. Determine b(-3).
3
Let t(v) = v**3 - 50*v**2 + 392*v + 35. Determine t(40).
-285
Let x(s) = s**2 + 2*s - 10. Determine x(-6).
14
Let a(q) = 384*q - 1145. Calculate a(3).
7
Let u(r) = r**2 - 33*r - 61. What is u(0)?
-61
Let q(r) = 138*r**2 - 11*r + 2. What is q(2)?
532
Let n(i) = i**3 + 20*i**2 - 51*i + 7. What is n(-22)?
161
Let c(i) = 17*i - 2662. What is c(157)?
7
Let k(p) = p**2 + 19*p + 146. What is k(-13)?
68
Let z(w) = 21*w + 277. Calculate z(-11).
46
Let q(o) = -o**3 + 2*o**2 + 19*o + 89. Calculate q(-5).
169
Let g(x) = -4*x**2 + 16*x - 4. Give g(8).
-132
Let l(y) = -447*y + 2687. Calculate l(6).
5
Let y(u) = 459*u + 108. Calculate y(-1).
-351
Let b(t) = -1192*t + 30. What is b(0)?
30
Let k(x) = 1589*x + 4773. What is k(-3)?
6
Let g(b) = 17*b - 74. What is g(5)?
11
Let j(r) = -r**2 - 57*r - 202. What is j(-53)?
10
Let f(s) = 10409*s + 114504. Give f(-11).
5
Let g(f) = -66*f**2 - 2*f - 4. Give g(-2).
-264
Let f(a) = -a**3 - 40*a**2 - 47*a - 324. What is f(-39)?
-12
Let q(f) = 136*f + 2900. What is q(-20)?
180
Let c(v) = 4*v - 214. Calculate c(-23).
-306
Let r(k) = k**3 + 11*k**2 - 1. Calculate r(-11).
-1
Let z(x) = -x**3 - 22*x**2 + 244*x + 5569. Determine z(-21).
4
Let z(n) = 5*n**2 + 39*n - 179. Give z(-11).
-3
Let l(w) = -w**2 - 117*w + 1860. What is l(14)?
26
Let n(o) = -1378*o - 157093. Give n(-114).
-1
Let f(o) = 170*o + 74. What is f(-2)?
-266
Let x(a) = -5*a**2 - 206*a - 146. Calculate x(-40).
94
Let m(l) = -6*l**2 - 1078*l + 355. What is m(-180)?
-5
Let c(q) = 2181*q - 6539. Determine c(3).
4
Let s(v) = -22*v**2 - 409*v + 14. Determine s(-19).
-157
Let d(f) = -f**3 + 21*f**2 + 29*f - 230. Give d(22).
-76
Let c(k) = -2*k**2 + 84*k - 861. Calculate c(23).
13
Let t(w) = 111*w + 407. Determine t(-4).
-37
Let j(b) = -3*b**3 - 2*b**2 - 24*b - 37. Give j(-2).
27
Let l(f) = -383*f + 512. Determine l(1).
129
Let c(o) = 2*o**2 + 50*o + 150. What is c(-3)?
18
Let y(c) = -7*c**2 + 85*c - 238. Determine y(3).
-46
Let o(p) = p**3 - 14*p**2 - 172*p - 771. Determine o(23).
34
Let l(h) = -h**2 + 111*h - 2823. What is l(38)?
-49
Let x(o) = -o**2 - 14*o - 39. Calculate x(-3).
-6
Let b(v) = -65*v - 626. Calculate b(-23).
869
Let l(h) = 2*h + 37. Give l(-27).
-17
Let i(c) = -c**2 + 137*c - 4686. What is i(71)?
0
Let r(j) = 2*j**2 - 900*j + 4462. Determine r(5).
12
Let i(b) = -36*b + 67. Calculate i(0).
67
Let b(a) = -4*a**3 + 56*a**2 + 127*a + 11. Give b(16).
-5
Let g(m) = -76*m + 4750. Give g(55).
570
Let t(i) = i**3 + 86*i**2 + 1106*i - 977. Determine t(-70).
3
Let g(l) = l**2 - 91*l + 1760. What is g(28)?
-4
Let w(b) = -b**2 + 94. Determine w(7).
45
Let c(d) = 17*d**2 - 892*d - 889. Calculate c(-1).
20
Let p(m) = m**3 + 15*m**2 - 16*m - 75. What is p(-16)?
-75
Let t(j) = j**3 + 25*j**2 - 20*j + 164. Give t(-26).
8
Let f(n) = 2*n**2 - 70*n + 20. What is f(36)?
92
Let j(m) = 6*m**2 + 47*m - 78. Calculate j(2).
40
Let u(m) = -33403*m - 66807. Calculate u(-2).
-1
Let f(h) = 1996*h + 7982. Determine f(-4).
-2
Let i(n) = 7*n**2 - 57*n - 2176. Give i(-14).
-6
Let g(w) = 3*w**3 + 13*w**2 - 19*w + 10. Determine g(-5).
55
Let y(g) = 2741*g - 65793. What is y(24)?
-9
Let l(d) = -d**2 + 51*d - 24. Calculate l(50).
26
Let q(z) = -3*z**2 + 94*z - 376. Give q(4).
-48
Let l(q) = -q**2 + 86*q - 259. What is l(84)?
-91
Let a(g) = -2*g**3 + 25*g**2 + 63*g - 310. What is a(14)?
-16
Let k(x) = x**2 - 45*x - 52. Give k(47).
42
Let p(c) = 5*c**2 - 477*c + 2421. Calculate p(90).
-9
Let u(a) = -a**2 + 17*a + 28. Determine u(14).
70
Let v(c) = 11*c**3 - 604*c**2 - 58*c + 180. Give v(55).
15
Let y(q) = q**3 - 105*q**2 + 310*q - 403. Calculate y(102).
5
Let v(x) = -246*x + 1237. What is v(5)?
7
Let t(g) = -2*g**2 - 386*g + 7616. Calculate t(-211).
20
Let y(k) = k**2 - 133*k - 670. Determine y(-5).
20
Let p(t) = 21*t**2 + 51*t - 138. Determine p(-4).
-6
Let m(u) = u**3 + 69*u**2 + 636*u - 25. Calculate m(-11).
-3
Let p(z) = 2*z**3 + 152*z**2 + 438*z - 30. What is p(-73)?
-30
Let p(a) = -44*a - 305. Calculate p(-7).
3
Let k(m) = m**3 - 48*m**2 - 48*m - 50. Give k(49).
-1
Let i(q) = q**3 + 14*q**2 + 35*q + 27. What is i(-9)?
117
Let s(v) = -2*v**2 + 218*v + 8330. What is s(139)?
-10
Let c(x) = -12034*x - 72201. Determine c(-6).
3
Let s(j) = -2*j**2 - 69*j + 29. What is s(-37)?
-156
Let q(m) = 31*m**2 + 5*m - 1. What is q(2)?
133
Let p(g) = 2*g**2 + 93*g + 1133. What is p(-22)?
55
Let m(h) = -h**2 + 24*h + 264. Give m(-8).
8
Let c(o) = 13*o**2 - 42*o - 33. Give c(4).
7
Let l(w) = 22*w - 144. Calculate l(-5).
-254
Let u(v) = -30*v**2 - 657*v + 57. Give u(-22).
-9
Let t(f) = 2*f**3 + 551*f**2 + 266*f - 2470. What is t(-275)?
5
Let f(d) = d**3 - 11*d**2 - 52*d - 29. Calculate f(-3).
1
Let z(d) = -5*d**2 - 31*d + 21. Calculate z(-6).
27
Let z(w) = w**2 + 35*w - 743. Calculate z(15).
7
Let f(o) = -2*o**3 + 245*o**2 - 112*o - 1253. Determine f(122).
-33
Let z(l) = 41*l + 179. What is z(-6)?
-67
Let m(j) = 36*j - 968. What is m(27)?
4
Let k(b) = 2*b**3 + 177*b**2 + 597*b + 184. What is k(-85)?
14
Let f(l) = -496*l - 2528. Calculate f(-5).
-48
Let s(g) = -g**2 + 154*g + 1287. Determine s(-9).
-180
Let c(a) = 393*a - 2756. Give c(7).
-5
Let i(g) = 974*g - 30183. What is i(31)?
11
Let i(g) = -2*g**2 - 4*g + 13. Give i(-5).
-17
Let y(t) = -10*t**2 + 38*t + 10. Give y(6).
-122
Let u(v) = -2*v**3 + 47*v**2 + 31*v - 21. Give u(24).
147
Let l(d) = d**2 + 53*d + 447. Determine l(-42).
-15
Let y(u) = 6*u**2 + 591*u + 13873. Determine y(-60).
13
Let p(i) = -7*i**3 + i**2 - 117*i + 230. Determine p(2).
-56
Let z(o) = 3273*o + 22914. What is z(-7)?
3
Let b(n) = 19*n**2 + 1392*n + 12. What is b(-74)?
1048
Let g(a) = -19*a + 62. Calculate g(13).
-185
Let a(c) = -3*c**2 + 59*c - 66. Give a(18).
24
Let z(o) = -4*o - 13. Calculate z(29).
-129
Let i(g) = g**2 + 1312*g + 5226. Calculate i(-4).
-6
Let m(l) = l**3 + 15*l**2 + 18*l + 45. Calculate m(-7).
311
Let d(s) = -s**2 + 195*s + 2930. What is d(-14)?
4
Let z(i) = 33*i - 370. Determine z(10).
-40
Let g(j) = j**3 + 9*j**2 + 5*j + 118. Determine g(-8).
142
Let f(u) = 2*u**2 + 155*u - 86. Calculate f(-78).
-8
Let j(y) = -y**3 - 11*y**2 - 26*y - 3. What is j(-6)?
-27
Let p(y) = -6*y**2 - 603*y + 4917. Calculate p(8).
-291
Let t(v) = -2*v**3 + 47*v**2 - 22*v 